18200. Calculate a(11).
-5
Let j(w) = -42*w**2 + 136*w - 4. What is j(3)?
26
Let k(c) = 97*c + 6624. Calculate k(-68).
28
Let j(o) = -5*o**3 + 287*o**2 - 113*o - 36. Determine j(57).
21
Let t(q) = -758*q - 33. Determine t(1).
-791
Let x(o) = -o**3 - 26*o**2 - 29*o + 62. Determine x(-25).
162
Let h(n) = -277*n**2 - 60*n - 58. What is h(-1)?
-275
Let o(v) = -198*v + 1373. Calculate o(7).
-13
Let p(m) = 410*m - 2879. Give p(7).
-9
Let x(u) = -5*u**2 + 47*u + 52. Give x(-1).
0
Let g(i) = -24*i - 842. Calculate g(-39).
94
Let g(h) = -2*h**2 - 43*h + 1419. Give g(18).
-3
Let n(k) = k**2 - 304*k + 1493. What is n(5)?
-2
Let s(c) = 946*c + 15122. Determine s(-16).
-14
Let g(z) = 6*z**2 - 280*z + 173. Determine g(47).
267
Let t(k) = -k**3 - 12*k**2 + 10*k - 41. Calculate t(-13).
-2
Let k(m) = -m**3 - 122*m**2 - 250*m - 1204. Determine k(-120).
-4
Let w(k) = k**3 + 10*k**2 + 19*k + 10. What is w(-9)?
-80
Let a(k) = 129*k - 1817. Determine a(14).
-11
Let w(r) = 83*r + 1178. Determine w(-11).
265
Let u(x) = 259*x + 931. Give u(-4).
-105
Let j(g) = g**2 + 118*g + 2956. Give j(-82).
4
Let d(s) = 261*s + 3415. Give d(-13).
22
Let y(v) = -16*v**3 + 3*v - 3. Calculate y(1).
-16
Let v(y) = 202*y + 392. Give v(-2).
-12
Let q(x) = -3*x - 175. What is q(-109)?
152
Let c(t) = 85*t - 442. What is c(7)?
153
Let y(n) = n**3 - 13*n**2 + 33*n. Calculate y(6).
-54
Let b(u) = 29*u**2 + 118*u - 118. Determine b(1).
29
Let l(m) = 2*m**3 + 144*m**2 + 147*m + 360. Calculate l(-71).
5
Let r(o) = 3*o + 173. Give r(-54).
11
Let a(d) = d**3 - 27*d**2 + 17*d - 2166. What is a(29)?
9
Let u(p) = -8*p**2 + 25*p - 47. Calculate u(2).
-29
Let t(g) = -10*g**2 - 2*g - 4. Give t(-7).
-480
Let r(n) = 87*n - 1045. What is r(12)?
-1
Let u(g) = g**2 + 603*g + 4173. Determine u(-7).
1
Let g(c) = 128*c - 5604. Determine g(44).
28
Let d(t) = 326*t - 39790. Calculate d(122).
-18
Let j(k) = -k**2 + 16*k + 92. Determine j(30).
-328
Let l(b) = 2*b**2 + 41*b + 54. What is l(-20)?
34
Let c(w) = w**2 + 60*w + 52. Calculate c(-1).
-7
Let q(l) = -140*l**3 + l**2 - 12*l + 13. Determine q(1).
-138
Let a(g) = 168*g**2 + 1010*g - 6. Determine a(-6).
-18
Let a(g) = 15*g**2 - 286*g - 1140. What is a(-4)?
244
Let d(v) = v**3 + 199*v**2 + 4198*v - 348. Calculate d(-175).
2
Let i(q) = -95*q - 51. What is i(-1)?
44
Let k(o) = 2913*o + 55350. Calculate k(-19).
3
Let u(q) = -q**3 - 27*q**2 + 63*q + 20. Calculate u(-29).
-125
Let j(y) = 146*y + 1716. Calculate j(-12).
-36
Let t(i) = 107*i + 831. What is t(-5)?
296
Let s(c) = c**2 + 78*c - 725. Determine s(9).
58
Let a(u) = -u**3 + 27*u**2 - 75*u + 10. Calculate a(3).
1
Let s(m) = m**3 + 13*m**2 - 70*m - 3. Calculate s(4).
-11
Let i(o) = -o**3 + 12*o**2 - 18*o - 23. Determine i(10).
-3
Let y(d) = d**3 - 6*d**2 - 22*d - 7. What is y(-3)?
-22
Let a(u) = -2021*u - 20. Determine a(0).
-20
Let r(m) = 33*m**2 + 99*m - 11. Calculate r(-3).
-11
Let r(a) = 17*a**3 - 14*a + 19. Give r(2).
127
Let x(r) = -4*r**2 + 451*r + 82. What is x(113)?
-31
Let q(f) = -169*f - 9026. Determine q(-54).
100
Let n(w) = -w**3 + 23*w**2 + 18*w + 86. Calculate n(24).
-58
Let w(h) = 9*h - 458. Calculate w(52).
10
Let d(r) = -341*r - 5458. Give d(-16).
-2
Let t(l) = -2*l**2 - 68*l - 5. Determine t(-39).
-395
Let m(o) = -7*o**3 - 3*o**2 + 7*o - 10. What is m(3)?
-205
Let c(u) = -u**3 - 150*u**2 - 593*u - 28. Calculate c(-4).
8
Let c(b) = -b**3 + 10*b**2 - 15*b - 31. Give c(8).
-23
Let n(w) = 414*w**2 - 18629*w - 33. What is n(45)?
12
Let g(b) = 239*b - 5493. Determine g(23).
4
Let y(a) = a**3 - 5*a**2 + a - 28. Calculate y(7).
77
Let g(h) = -5*h**2 - 381*h + 99. What is g(-76)?
175
Let q(m) = 272*m - 2450. Give q(9).
-2
Let j(b) = 8*b**3 + b**2 - b - 1. What is j(-1)?
-7
Let x(h) = -3*h**3 - 55*h**2 + 58*h + 1361. Give x(-18).
-7
Let a(b) = -2532*b - 22795. Give a(-9).
-7
Let f(i) = 26*i + 386. Calculate f(-15).
-4
Let x(f) = -11*f + 307. Determine x(27).
10
Let h(f) = -2*f**2 - 109*f + 70. Give h(-50).
520
Let w(o) = -12*o**2 - 121*o - 28. Give w(-10).
-18
Let o(m) = 2*m**3 - 809*m**2 + 7111*m + 7. Calculate o(9).
-65
Let b(w) = w**3 + 245*w**2 + 264*w + 4885. Determine b(-244).
5
Let l(n) = -n**3 - 29*n**2 - 76*n + 59. Determine l(-26).
7
Let f(d) = -8*d - 92. Give f(-16).
36
Let b(g) = g**3 + 26*g**2 - 8*g - 5. Determine b(-28).
-1349
Let t(f) = f**3 + 5*f**2 - 8*f + 15. Give t(-7).
-27
Let o(q) = 3860*q - 35. Determine o(0).
-35
Let l(x) = 361*x - 295. What is l(1)?
66
Let h(j) = 257*j + 8. What is h(1)?
265
Let w(j) = -j**3 + 149*j**2 - 5044*j + 12. Give w(52).
12
Let y(o) = -2*o**3 + 11*o**2 + 74*o - 357. Calculate y(7).
14
Let s(a) = 31*a**2 - 2*a - 5. Calculate s(-3).
280
Let k(o) = -38*o + 1772. Determine k(51).
-166
Let y(t) = 7*t - 458. Calculate y(6).
-416
Let q(d) = 2*d**2 + 67*d + 835. Give q(-14).
289
Let y(b) = 13*b + 667. Determine y(-56).
-61
Let t(b) = 289*b - 19. Calculate t(0).
-19
Let l(i) = 2*i**2 + 24*i + 84. What is l(-17)?
254
Let a(l) = l**3 - 20*l**2 - 12*l - 84. Determine a(21).
105
Let w(g) = g**3 - 20*g**2 + 23*g - 51. Determine w(19).
25
Let v(l) = -680*l + 10102. What is v(15)?
-98
Let y(s) = 3*s**2 + 326*s - 142. What is y(-109)?
-33
Let c(b) = -5*b**2 + 233*b - 111. Give c(45).
249
Let x(d) = -d**3 + 3*d**2 + 11*d + 11. Determine x(6).
-31
Let m(p) = -p**3 + 196*p**2 - 888*p + 59638. Give m(193).
1
Let h(f) = 3*f**3 - 163*f**2 - 105*f - 277. Determine h(55).
-2
Let i(x) = -305*x + 8535. What is i(28)?
-5
Let k(i) = -366*i + 20133. Determine k(55).
3
Let t(u) = -22*u - 35. Give t(20).
-475
Let g(j) = 2*j**2 + 50*j - 713. Determine g(15).
487
Let q(f) = -2*f**3 - 50*f**2 + 435*f - 403. Give q(-32).
13
Let t(l) = -415*l - 7054. Determine t(-17).
1
Let p(r) = -2*r**3 - r**2 + 38*r - 40. What is p(-6)?
128
Let d(f) = 92*f - 6379. Calculate d(69).
-31
Let s(t) = -15*t - 214. Determine s(-21).
101
Let y(s) = -238*s + 15179. Determine y(64).
-53
Let f(l) = 3366*l + 26932. What is f(-8)?
4
Let p(d) = -89*d - 8540. Determine p(-96).
4
Let c(q) = -q**2 - 349*q - 21708. Calculate c(-81).
0
Let f(o) = o**3 - 29*o**2 + 204*o - 5. What is f(14)?
-89
Let j(o) = o**3 + 32*o**2 + 2*o - 5. Calculate j(-32).
-69
Let w(o) = o**2 + 82*o - 439. Give w(6).
89
Let s(g) = -6*g**2 - 93*g - 154. Calculate s(-2).
8
Let o(j) = -j**2 - 31*j + 7. What is o(-39)?
-305
Let j(g) = -167*g + 828. Calculate j(5).
-7
Let y(x) = -5*x + 649. What is y(35)?
474
Let y(a) = 28*a - 3039. Determine y(79).
-827
Let v(q) = q**3 - 2*q**2 + 8*q + 10. What is v(5)?
125
Let g(c) = -29*c**2 - 4*c + 2. Give g(2).
-122
Let a(i) = i**2 - 59*i + 11. Give a(49).
-479
Let p(i) = -2*i**2 - 284*i - 2645. Give p(-132).
-5
Let d(w) = 3554*w - 78195. Give d(22).
-7
Let s(a) = 12*a - 1184. What is s(22)?
-920
Let l(h) = -22*h**2 + 10*h + 3. Determine l(-2).
-105
Let x(g) = 5*g**2 - 37*g - 41. What is x(-1)?
1
Let n(q) = 222*q**2 + 702*q + 33. Calculate n(-3).
-75
Let q(y) = 7*y**3 - 155*y**2 + 23*y - 77. Determine q(22).
-55
Let s(o) = o**2 - 69*o + 197. What is s(4)?
-63
Let d(k) = -k**2 - 20*k - 68. Calculate d(-15).
7
Let a(p) = -p**3 + 105*p**2 + 1265*p + 1276. Determine a(116).
0
Let l(a) = -13*a - 62. What is l(-7)?
29
Let f(x) = -x**3 - 7*x**2 + 3*x + 2. What is f(4)?
-162
Let k(x) = x**2 + 741*x + 22688. Determine k(-32).
0
Let i(r) = 8*r + 126. What is i(4)?
158
Let t(z) = 105*z + 704. Calculate t(-7).
-31
Let r(z) = 11*z + 2. Determine r(3).
35
Let h(y) = -y**2 - 395*y + 6200. Give h(15).
50
Let z(m) = m**2 - 11*m - 184. What is z(-11)?
58
Let d(k) = 1152*k - 12687. Determine d(11).
-15
Let a(j) = -12*j**2 - 149*j + 25. What is a(-13)?
-66
Let t(m) = 137*m + 2663. Give t(-11).
1156
Let i(d) = -80*d + 1285. Give i(16).
5
Let p(t) = t**3 - 3*t**2 - 9*t + 23. Calculate p(3).
-4
Let z(m) = -112*m + 2295. Determine z(22).
-169
Let p(g) = -g**3 + 28*g**2 - 7*g + 191. Give p(28).
-5
Let b(j) = -46*j + 439. Give b(3).
301
Let p(f) = f**3 + 48*f**2 + 31*f - 760. Determine p(-47).
-8
Let j(x) = -2*x**3 - 29*x**2 + 50*x + 897. Give j(-14).
1
Let l(a) = -a**3 + 43*a**2 - 41*a + 60. Calculate l(42).
102
Let q(y) = y**3 - 15*y**2 - 33*y - 31. What is q(17)?
-14
Let f(v) = -308*v - 1234. What is f(-4)?
-2
Let m(g) = -g**2 + 35*g - 407. Calculate m(29).
-233
Let q(t) = -4600*t + 165602. Give q(36).
2
Let y(b) = -b**3 - 5*b**2 + 12